s m(-13)?
85
Let l(h) = -h**2 + 17218*h + 120609. What is l(-7)?
34
Let w(i) = -3155*i - 608910. Determine w(-193).
5
Let w(h) = -h**3 + 21*h**2 + 1490*h - 31364. What is w(21)?
-74
Let v(m) = -1612*m + 575495. What is v(357)?
11
Let m(h) = -11887*h - 986612. What is m(-83)?
9
Let s(j) = -9748*j + 282805. What is s(29)?
113
Let q(v) = -v**3 - 10*v**2 + 31*v + 448. What is q(-10)?
138
Let o(h) = 16*h**3 - 33*h**2 + 83*h - 423. What is o(5)?
1167
Let x(q) = -q**3 + 274*q**2 - 286*q + 2963. Determine x(273).
-586
Let q(f) = -936138*f + 6552940. Give q(7).
-26
Let x(m) = -21070*m - 526752. Give x(-25).
-2
Let n(o) = 1928*o + 2923. Determine n(1).
4851
Let q(g) = -1233*g - 17296. Give q(-14).
-34
Let b(o) = o**3 + 21*o**2 - 968*o - 3624. What is b(-42)?
-12
Let l(s) = -2*s**3 + 176*s**2 - 513*s + 234. Calculate l(85).
-21
Let n(y) = -11856*y - 24024. Give n(-2).
-312
Let k(i) = -171*i**2 - 51*i - 49. What is k(-1)?
-169
Let f(u) = -1777*u + 517106. Calculate f(291).
-1
Let m(b) = -5*b**2 + 574*b - 11530. Give m(26).
14
Let j(w) = 4315*w - 340846. Determine j(79).
39
Let c(t) = 3*t**3 + 123*t**2 + 111*t + 4637. Determine c(-41).
86
Let v(j) = -2*j**2 + 37310*j - 298359. Calculate v(8).
-7
Let l(d) = -123*d**2 - 303*d - 297. What is l(-7)?
-4203
Let l(g) = 265*g - 12305. Give l(46).
-115
Let n(l) = -5*l**3 - 404*l**2 - 5811*l + 1138. Give n(-19).
-2
Let t(f) = -73618*f + 368087. Determine t(5).
-3
Let m(t) = 857*t**3 - 5138*t**2 - 19*t - 19. What is m(6)?
11
Let u(l) = -571*l + 9633. What is u(17)?
-74
Let n(t) = -193*t**2 + 695*t - 595. What is n(2)?
23
Let n(d) = -22*d**3 - 349*d**2 - 89*d - 898. Give n(-16).
1294
Let m(g) = 2*g**2 - 884*g + 60128. Determine m(84).
-16
Let b(g) = -2*g**3 + 28*g**2 + 42*g - 1225. Give b(10).
-5
Let v(f) = -1401*f + 30689. Calculate v(22).
-133
Let f(p) = -524*p + 17155. Calculate f(33).
-137
Let b(j) = 439*j**2 + 11848*j + 98. Determine b(-27).
233
Let x(t) = -313*t + 4105. Give x(13).
36
Let m(u) = 23225*u + 2577971. Determine m(-111).
-4
Let i(z) = 602*z + 128230. Give i(-212).
606
Let g(x) = 294*x - 6226. Calculate g(21).
-52
Let b(g) = -3*g**2 + 67*g + 179. Determine b(0).
179
Let q(j) = -39*j**2 + 490*j - 1400. Calculate q(4).
-64
Let x(q) = -66*q**2 - 23384*q + 87345. What is x(-358)?
-7
Let q(w) = 582*w - 4810. Calculate q(7).
-736
Let l(s) = -93281*s + 279874. Determine l(3).
31
Let p(f) = -164*f - 44453. Determine p(-267).
-665
Let i(k) = 4343*k - 32849. Calculate i(6).
-6791
Let d(q) = 3*q**3 - 350*q**2 + 4829*q + 43. Give d(16).
-5
Let l(x) = -383451*x + 3451013. Calculate l(9).
-46
Let u(d) = -73*d**2 + 2524*d + 117664. Determine u(61).
-5
Let s(d) = 3238*d + 38742. What is s(-12)?
-114
Let j(f) = -4542*f - 581385. Calculate j(-128).
-9
Let w(r) = 490*r**3 + 16*r + 16. Give w(-1).
-490
Let h(f) = 5288668*f - 47598007. Calculate h(9).
5
Let m(a) = 4*a**2 - 45*a - 127508. Give m(-173).
-7
Let w(y) = -6778*y - 122011. Calculate w(-18).
-7
Let t(u) = -23*u**2 - 839*u - 1126. What is t(-34)?
812
Let r(n) = -2624*n - 52478. Give r(-20).
2
Let u(c) = -c**2 - 93*c + 2260. What is u(20)?
0
Let t(w) = w**2 + 854*w + 7611. Determine t(-9).
6
Let b(p) = -2*p**3 - 50*p**2 - 1106*p - 15371. Give b(-18).
1
Let f(y) = -20*y**2 + 3*y + 33. Calculate f(-5).
-482
Let i(f) = 2*f**3 - 194*f - 364. Determine i(-2).
8
Let l(w) = -w**2 + 302648*w + 9080333. What is l(-30)?
-7
Let f(j) = j**3 - 1363*j**2 - 15023*j + 1002. Determine f(-11).
1
Let t(s) = 2282*s - 165321. Give t(73).
1265
Let w(o) = o**2 + 685*o + 88662. What is w(-174)?
-252
Let i(q) = 206*q**2 - 246*q - 276. What is i(4)?
2036
Let a(m) = -3*m**2 - 1734*m - 250547. Determine a(-289).
16
Let l(i) = -2032*i - 1704862. Give l(-839).
-14
Let t(j) = 4378*j - 30995. Give t(7).
-349
Let w(i) = -51*i**2 + 180*i + 114. Determine w(8).
-1710
Let q(y) = -y**2 - 8057*y - 882006. Calculate q(-111).
0
Let v(s) = 3*s**3 - 90*s**2 - 1651*s - 149. Calculate v(43).
969
Let g(j) = -28258*j - 29162256. What is g(-1032)?
0
Let m(d) = -d**3 + 594*d**2 - 162*d + 95700. Calculate m(594).
-528
Let n(v) = 448*v - 3620. Calculate n(8).
-36
Let x(m) = -352701*m - 352696. Give x(-1).
5
Let k(f) = f**3 + 45*f**2 - 2579*f - 10981. Determine k(-4).
-9
Let r(x) = 951*x - 69347. Give r(73).
76
Let v(w) = 27698*w + 249297. Calculate v(-9).
15
Let i(v) = 90*v - 6849. What is i(77)?
81
Let z(g) = 15*g**2 + 2383*g + 59251. What is z(-128)?
-13
Let x(r) = 2*r**2 + 160*r + 423. Give x(-80).
423
Let l(s) = s**2 - 4637*s - 23216. Determine l(-5).
-6
Let v(z) = 84*z**2 + 6488*z - 4980. Determine v(-78).
12
Let m(s) = 2196*s**2 - 4398*s - 17. Calculate m(2).
-29
Let j(x) = -29*x**2 - 3007*x + 45143. What is j(-117)?
-19
Let z(u) = 43167*u**2 - 129489*u - 29. Determine z(3).
7
Let t(l) = -188*l + 86678. Determine t(461).
10
Let l(n) = -115*n**3 + 3450*n**2 - 4*n + 330. Determine l(30).
210
Let q(u) = -692*u**3 + 8*u**2 - 3*u - 5. What is q(1)?
-692
Let s(y) = y**3 - 627*y**2 - 10924*y - 15657. Determine s(644).
-201
Let n(h) = 12*h**2 - 8096*h - 8102. Determine n(-1).
6
Let f(q) = -q**3 + 205*q**2 - 3352*q - 3464. What is f(19)?
-6
Let c(u) = -2*u**2 + 91*u - 1225. Calculate c(32).
-361
Let u(d) = -d**2 - 41*d + 2005. What is u(-77)?
-767
Let d(n) = -5932*n - 409321. Calculate d(-69).
-13
Let s(o) = -2*o**3 - 102*o**2 + 102*o + 10100. Determine s(-50).
0
Let d(m) = m**3 - 299*m**2 - 909*m + 975. Calculate d(302).
69
Let x(f) = -2*f**3 + 256*f**2 + 3*f - 284. Determine x(128).
100
Let z(v) = -1377*v - 27833. What is z(-20)?
-293
Let k(l) = 8*l + 625. What is k(-110)?
-255
Let z(g) = 2*g**3 + 1761*g**2 - 2668*g - 19405. What is z(-882)?
-1
Let m(h) = 27*h**2 - 442*h - 277. Determine m(17).
12
Let y(w) = 2*w**2 + 279*w + 7997. Give y(-41).
-80
Let l(d) = 75519*d + 2794211. Calculate l(-37).
8
Let d(v) = 2*v**3 + 7*v**2 + 504*v + 3185. Give d(-6).
-19
Let m(l) = -l**3 - 81*l**2 + 607*l - 789. Determine m(-88).
3
Let o(f) = f**3 + 23*f**2 - 148*f + 12. Give o(5).
-28
Let j(q) = -12400*q - 905320. Give j(-73).
-120
Let z(o) = 2*o**3 + 56*o**2 + 226*o - 50. What is z(-10)?
1290
Let c(j) = 1601*j + 11196. Give c(-7).
-11
Let z(w) = -2*w**3 + 262*w**2 - 1480*w - 73. Calculate z(6).
47
Let d(a) = 23*a**2 + 2499*a + 2. Give d(-110).
3412
Let j(m) = -1079*m - 25849. Give j(-23).
-1032
Let c(y) = 668171*y - 15367933. Give c(23).
0
Let x(r) = 6*r**2 + 213*r + 1055. What is x(-6)?
-7
Let f(w) = -56*w**2 - 124*w - 476. Give f(-6).
-1748
Let y(m) = m**3 + 35*m**2 + 204*m - 145. Calculate y(-16).
1455
Let z(u) = -10026*u + 751945. Give z(75).
-5
Let l(h) = -186179*h + 15825226. Give l(85).
11
Let u(z) = 537*z - 3954. Give u(8).
342
Let a(d) = 1289*d**2 + 34808*d - 11. Determine a(-27).
-146
Let z(n) = n**2 + 95*n + 621. What is z(-87)?
-75
Let j(s) = 3*s**2 + 126*s + 130. Calculate j(-1).
7
Let t(y) = 551*y**2 - 105242*y + 181. Calculate t(191).
-10
Let h(t) = 78*t - 1445. Calculate h(25).
505
Let u(o) = 4*o**2 - 50509*o - 404345. What is u(-8)?
-17
Let i(s) = -2660*s - 11786. Give i(-5).
1514
Let r(f) = 3277*f + 22991. What is r(-7)?
52
Let s(m) = -1132*m - 11229. Give s(-14).
4619
Let d(c) = -118*c - 3735. Calculate d(-34).
277
Let l(c) = 4551*c - 86464. Give l(19).
5
Let x(o) = -65*o + 17342. Calculate x(267).
-13
Let r(b) = -233*b**2 + 2578*b - 141. Determine r(11).
24
Let l(k) = 2995*k + 80748. Calculate l(-27).
-117
Let o(g) = -g**2 - 10720*g - 64292. Determine o(-6).
-8
Let h(r) = 114*r**2 + 396*r - 16. What is h(-3)?
-178
Let l(m) = -m**3 + 165*m**2 - 5840*m + 2874. Give l(114).
-90
Let d(z) = 4709*z**2 + 136564*z + 32. Give d(-29).
-55
Let m(p) = -2777*p - 161074. Determine m(-58).
-8
Let b(z) = -1428*z - 12811. Calculate b(-9).
41
Let q(y) = 455*y - 124688. Determine q(274).
-18
Let m(t) = 77*t**2 - 12850*t - 1505. What is m(167)?
-2
Let z(q) = 362*q**2 + 2718*q - 2722. Calculate z(1).
358
Let d(u) = 298*u + 72322. Determine d(-244).
-390
Let q(x) = -x**3 + 232*x**2 + 898*x + 10920. What is q(236)?
64
Let r(b) = -5*b**2 - 474*b - 13038. Give r(-27).
-3885
Let u(t) = 8*t**2 - 9586*t - 38464. Determine u(-4).
8
Let t(h) = 2*h**3 + 40*h**2 + 148*h + 73. What is t(-17)?
-709
Let w(c) = c**3 + 3*c**2 + 21628*c + 129788. What is w(-6)?
-88
Let g(b) = -10494*b + 115505. Give g(11).
71
Let p(s) = 3*s**2 + 91998*s - 644